8257?
15
Calculate the remainder when 1363314 is divided by 67.
65
Calculate the remainder when 5988189 is divided by 1497033.
57
What is the remainder when 26421 is divided by 6553?
209
What is the remainder when 72651244 is divided by 275194?
28
Calculate the remainder when 518486 is divided by 43206.
14
What is the remainder when 4138601 is divided by 6921?
6764
What is the remainder when 3050562 is divided by 29331?
138
What is the remainder when 247374927 is divided by 30?
27
Calculate the remainder when 13467711 is divided by 5086.
5069
What is the remainder when 79681 is divided by 3917?
1341
What is the remainder when 14468143 is divided by 1626?
1621
Calculate the remainder when 23539155 is divided by 3923192.
3
What is the remainder when 5048866 is divided by 336591?
1
Calculate the remainder when 225379 is divided by 28169.
27
Calculate the remainder when 169059 is divided by 2190.
429
Calculate the remainder when 521164 is divided by 1179.
46
Calculate the remainder when 1039915 is divided by 9904.
9899
Calculate the remainder when 81565 is divided by 502.
241
Calculate the remainder when 3133630 is divided by 13507.
6
Calculate the remainder when 23007017 is divided by 36870.
137
Calculate the remainder when 14305231 is divided by 22.
17
Calculate the remainder when 224032 is divided by 10172.
248
Calculate the remainder when 12255 is divided by 4172.
3911
What is the remainder when 6523 is divided by 3251?
21
Calculate the remainder when 2241547 is divided by 26369.
182
Calculate the remainder when 2270603 is divided by 6818.
209
Calculate the remainder when 2844380 is divided by 86188.
176
Calculate the remainder when 404503 is divided by 404260.
243
Calculate the remainder when 1728044 is divided by 751.
744
What is the remainder when 3816476 is divided by 177?
2
What is the remainder when 12732054 is divided by 374472?
6
What is the remainder when 82123509 is divided by 54?
39
What is the remainder when 2035173 is divided by 1017261?
651
Calculate the remainder when 13346 is divided by 221.
86
Calculate the remainder when 5085587 is divided by 391198.
13
What is the remainder when 977056 is divided by 114?
76
Calculate the remainder when 1334121 is divided by 129.
3
What is the remainder when 438530 is divided by 4258?
4214
What is the remainder when 488672 is divided by 48?
32
What is the remainder when 81580085 is divided by 27193356?
17
What is the remainder when 317538 is divided by 119?
46
What is the remainder when 6326446 is divided by 4628?
4598
What is the remainder when 5879315 is divided by 1959743?
86
What is the remainder when 854687 is divided by 18181?
180
Calculate the remainder when 671604338 is divided by 2332.
2330
What is the remainder when 45164 is divided by 18649?
7866
Calculate the remainder when 820812 is divided by 410031.
750
Calculate the remainder when 116489 is divided by 6774.
1331
What is the remainder when 585875 is divided by 73197?
299
What is the remainder when 8114928 is divided by 312111?
42
Calculate the remainder when 7445 is divided by 798.
263
Calculate the remainder when 5735178 is divided by 262.
260
Calculate the remainder when 4400454 is divided by 3262.
16
What is the remainder when 568813 is divided by 1525?
1513
Calculate the remainder when 93512 is divided by 1482.
146
What is the remainder when 4012191 is divided by 1400?
1191
What is the remainder when 14835730 is divided by 5211?
13
Calculate the remainder when 20494311 is divided by 386685.
6
What is the remainder when 638577 is divided by 53208?
81
Calculate the remainder when 915861 is divided by 536.
373
Calculate the remainder when 243316 is divided by 2253.
2245
Calculate the remainder when 1160990 is divided by 52.
38
Calculate the remainder when 14273427 is divided by 120961.
29
Calculate the remainder when 2840325 is divided by 1886.
9
What is the remainder when 36500151 is divided by 35437?
41
Calculate the remainder when 53440 is divided by 211.
57
Calculate the remainder when 3404947 is divided by 571.
74
What is the remainder when 34564 is divided by 32203?
2361
What is the remainder when 677502 is divided by 139?
16
Calculate the remainder when 6563420 is divided by 1312682.
10
Calculate the remainder when 53840315 is divided by 2199.
2198
Calculate the remainder when 498250 is divided by 505.
320
Calculate the remainder when 279145433 is divided by 3240.
3233
Calculate the remainder when 224862 is divided by 112404.
54
Calculate the remainder when 44389884 is divided by 724.
720
What is the remainder when 962789 is divided by 50650?
439
What is the remainder when 11364440 is divided by 61?
18
What is the remainder when 52629 is divided by 2092?
329
Calculate the remainder when 41598281 is divided by 134188.
1
Calculate the remainder when 728446578 is divided by 28.
6
Calculate the remainder when 1807077 is divided by 13190.
47
Calculate the remainder when 7441375 is divided by 4182.
1597
What is the remainder when 119921 is divided by 19966?
125
Calculate the remainder when 141050 is divided by 2660.
70
What is the remainder when 3078227 is divided by 431?
25
What is the remainder when 117323 is divided by 38796?
935
What is the remainder when 2917260 is divided by 2989?
2985
Calculate the remainder when 2166832 is divided by 7.
3
What is the remainder when 17704373 is divided by 67?
25
What is the remainder when 139771 is divided by 278?
215
Calculate the remainder when 1490593 is divided by 372646.
9
Calculate the remainder when 42376 is divided by 41418.
958
What is the remainder when 3840593 is divided by 11?
9
What is the remainder when 101594588 is divided by 22?
18
Calculate the remainder when 3774131 is divided by 2557.
2556
Calculate the remainder when 87357 is divided by 340.
317
What is the remainder when 997870 is divided by 498932?
6
Calculate the remainder when 876053 is divided by 498.
71
What is the remainder when 89819579 is divided by 3657?
2
Calculate the remainder when 74990 is divided by 2468.
950
What is the remainder when 1339974 is divided by 27909?
342
What is the remainder when 63455 is divided by 20240?
2735
Calculate the remainder when 1627829 is divided by 394.
215
Calculate the remainder when 767988 is divided by 2006.
1696
What is the remainder when 1069837 is divided by 4345?
967
Calculate the remainder when 1637619 is divided by 136449.
231
What is the remainder when 26643039 is divided by 1223?
1207
What is the remainder when 959035 is divided by 2289?
2233
What is the remainder when 1016613 is divided by 48409?
24
Calculate the remainder when 2589648 is divided by 215800.
48
Calculate the remainder when 1631455 is divided by 2184.
7
Calculate the remainder when 9011 is divided by 1838.
1659
Calculate the remainder when 7244853 is divided by 222.
105
What is the remainder when 3632081 is divided by 2171?
2169
What is the remainder when 2042625 is divided by 170218?
9
What is the remainder when 2825767 is divided by 32?
7
Calculate the remainder when 1444670 is divided by 206298.
584
Calculate the remainder when 1719383 is divided by 327.
17
Calculate the remainder when 13063185 is divided by 18.
9
What is the remainder when 9895 is divided by 655?
70
Calculate the remainder when 2779755 is divided by 2053.
2046
What is the remainder when 14286785 is divided by 14301?
86
What is the remainder when 5506959 is divided by 423610?
29
Calculate the remainder when 1085080497 is divided by 12950.
12947
What is the remainder when 104824018 is divided by 2910?
2908
What is the remainder when 150812653 is divided by 37703159?
17
What is the remainder when 1294571789 is divided by 16?
13
What is the remainder when 2414406 is divided by 9322?
8
Calculate the remainder when 395548 is divided by 3658.
484
What is the remainder when 73304 is divided by 1553?
313
What is the remainder when 30508 is divided by 514?
182
Calculate the remainder when 170032 is divided by 5.
2
What is the remainder when 480988 is divided by 1137?
37
Calculate the remainder when 1112963 is divided by 35.
33
What is the remainder when 984040 is divided by 10696?
8
Calculate the remainder when 180329591 is divided by 2200.
2191
Calculate the remainder when 50881589 is divided by 5694.
5
Calculate the remainder wh